. Let g = 17 + a. What are the prime factors of g?
5
Let h be -30*(-2)/2*-2. Let x = h + 86. Suppose -2*i + x = -i. What are the prime factors of i?
2, 13
Suppose o - 5*d = 26, 5*o = 4*d - 0*d + 46. Suppose -o*c + 22*c = 96. What are the prime factors of c?
2, 3
Let r(f) = -2*f - 3. Let b(y) = -6*y - 9. Let k(x) = 2*b(x) - 7*r(x). Let z(i) = 5*i**2 + 6*i + 6. Let q be z(-1). List the prime factors of k(q).
13
Suppose -3*m = -5*s + 20, 4*m - 5*s = -m - 20. Suppose 4*q + 2*n - 158 = 84, 4*q - 3*n - 267 = m. List the prime factors of q.
3, 7
Suppose 1515*h = 1511*h + 8900. What are the prime factors of h?
5, 89
Suppose 0 = 2*x - 1 - 9. Let r = x + -10. Let v(o) = -7*o - 7. List the prime factors of v(r).
2, 7
Suppose 0 = 4*z - 3*z + 36. Let j = z + 54. What are the prime factors of j?
2, 3
Let s = 150 - 82. Suppose -g = -3*i + i + s, -4 = -g. List the prime factors of i.
2, 3
Let z(m) = 24*m**2 - m - 4. What are the prime factors of z(4)?
2, 47
Let g = -1506 + 4499. What are the prime factors of g?
41, 73
Let g(h) = 13*h**2 - 355 - 3*h**2 + h + 353. What are the prime factors of g(1)?
3
Let b = 40 - 6. Let z = 46 - b. List the prime factors of z.
2, 3
Let m = 1027 + -407. List the prime factors of m.
2, 5, 31
Suppose -4565 = -13*z - 1055. What are the prime factors of z?
2, 3, 5
Let s = 39 - 72. Let z(w) = 11*w + 2. Let o be z(-1). Let d = o - s. List the prime factors of d.
2, 3
Let w(g) = -13*g**2 - 7*g. Let j(b) = b - 1. Let d(t) = -t + 6. Let p be d(7). Let n(q) = p*w(q) - 2*j(q). What are the prime factors of n(-2)?
2, 11
What are the prime factors of (11/(-2) - -5)*-430?
5, 43
Let d = -9 - -5. List the prime factors of (91 - (0 - -3)) + d.
2, 3, 7
Let o = -61 + 149. Let l be (0 - -3)/3 - o. Let y = -62 - l. List the prime factors of y.
5
Let k = -18 - -26. Let l be (-4)/k + (-10)/(-4). What are the prime factors of 8 + (l + 1 - 2)?
3
Suppose 0 = 2*v + 3*v + 3*p + 31, 5*v + 2*p = -34. Let d be 5/2*v/(-10). What are the prime factors of (-28)/(-12) + d/3?
3
Let h(x) = -x**3 + 2*x. Let b be h(2). Let q be (-9)/b*(-56)/(-21). What are the prime factors of (q/(-9))/((-2)/27)?
3
Let d = 11 + 27. Let b = 5 + d. Suppose 2*y + 0*y + k - 23 = 0, -b = -4*y - k. What are the prime factors of y?
2, 5
Let j be 2 - -6 - (2 - 1). Let v(h) = 4*h**2 - 3*h + 16. What are the prime factors of v(j)?
191
Suppose 0*i + 2*i = 6, -5*i = -5*u - 15. Suppose u = 3*w + 26 - 203. What are the prime factors of w?
59
List the prime factors of 150660/42 + 120/(-105).
2, 11, 163
Suppose 0*a = -4*a + 3*q + 48, 5*a + 2*q = 83. What are the prime factors of a?
3, 5
Let b(q) = -2*q - 21. Let k be b(-5). Let n(h) = -2*h - 18. Let a be n(k). Suppose 128 = a*w + 5*i, 2*i + 1 = 9. List the prime factors of w.
3
Let d(l) = -l**2 - 24*l - 25. Let i = -24 - -7. List the prime factors of d(i).
2, 47
Suppose 5*x - 3627 = -5*j - 1037, -x = -5*j + 2572. What are the prime factors of j?
5, 103
Let n be -2 - (-2)/(-4)*-4. Suppose 15 = -m + 2*y, 5*m - 2*y = -n*y - 75. What are the prime factors of (-231)/(-5) - (-3)/m?
2, 23
Suppose -q - 5*m + 1 = 0, 4*m - 2 = -q - 0. Let n be -1 - 3/(-6)*q. Suppose -2*i = 3*k - 13, i - n*k = -2*i + 39. List the prime factors of i.
11
Let a(g) = 17*g**2 + 3*g. Let x be a(6). Suppose 0*i + x = -3*i. List the prime factors of (1/(-2))/(5/i).
3, 7
Let u(c) = -c**2 - 10*c + 2. Let k be u(-10). Suppose k*a - 8 + 110 = -4*z, 5*z = 5*a - 165. Let g = -20 - z. List the prime factors of g.
2
Suppose 3*u = 2*n + 2*u - 143, -n - 3*u = -54. What are the prime factors of -1*(n + 4)*-1?
73
What are the prime factors of (-2560)/(-12)*54/4?
2, 3, 5
Let g(w) = 92*w**2 - 3*w - 2. What are the prime factors of g(-1)?
3, 31
Let z(n) = -n**3 + 10*n**2 + 13*n + 19. Let c be ((-8)/(-16))/((-2)/(-44)). What are the prime factors of z(c)?
41
Suppose -4*l = -2*z - 14 - 0, -4*l - 1 = 3*z. What are the prime factors of (-62)/(-5)*l/((-8)/(-10))?
31
Let z(k) = -2*k**3 + 33*k**2 + 4*k + 37. What are the prime factors of z(15)?
2, 193
Let h = -261 + 637. What are the prime factors of h?
2, 47
Suppose 0 = 4*g - t - 4247, 2*g = -3*t + 2624 - 483. What are the prime factors of g?
1063
Let a = 12 - 24. Let c be (a/(-8) - 1)*128. Let y = 93 - c. List the prime factors of y.
29
Suppose 5*i - 369 = -2*w, w = -0*w + 3*i + 168. List the prime factors of w.
3, 59
Suppose 2*a = 2*c + c - 12, 5*a - 20 = -5*c. Suppose p - 964 = -3*p + 4*o, 1000 = c*p + 5*o. What are the prime factors of p?
5, 7
Suppose -3*l - 346 + 1156 = 0. Let q = l - -39. Suppose 7*v + 92 = q. What are the prime factors of v?
31
Let x(w) = -2*w**3 + 4*w**2 - 5*w + 5. Let v be x(2). List the prime factors of 1 + 4/v - 318/(-10).
2
Let y(u) = -7*u + 7. Suppose -r - 2*c = 5, r = 2*r + 3*c. List the prime factors of y(r).
2, 7
Suppose 0 = -6*s + 133 + 185. Let o = -5 + s. What are the prime factors of o?
2, 3
Suppose 3*m + m = 60. Suppose -4*j + 0*a = 3*a + 63, -5*a = -m. Let q = 9 - j. What are the prime factors of q?
3
List the prime factors of 0 - ((-14)/(-2) + -656).
11, 59
Let v(z) = z**3 - 4*z**2 + 3*z + 3. Suppose 5*r = -0*r - 5*t - 95, -3*r + 2*t - 42 = 0. Let j = -12 - r. List the prime factors of v(j).
3, 5
Let n(j) = 29*j**2 - 59*j + 419. What are the prime factors of n(8)?
3, 601
Let n = -13 + 17. Suppose -7 - 1 = n*d. What are the prime factors of d/(-3)*(92 + -11)?
2, 3
Let t(s) = -21*s - 8. Let j be t(-8). Suppose -4*n = -4*l - j, 5*l + 74 = -4*n + 261. What are the prime factors of n?
43
Let p(q) = 10*q**3 - 3*q**2 + 4. Let x(c) = c**3 + 16*c**2 - 17*c + 2. Let t be x(-17). What are the prime factors of p(t)?
2, 3
What are the prime factors of (-23)/(((-12)/18)/((-4)/(-3)))?
2, 23
Let n(a) = -16*a + 1635. List the prime factors of n(0).
3, 5, 109
Let j = -35 - -37. Suppose j*c + 51 = 145. List the prime factors of c.
47
Let o = -23 + 26. Suppose 0 = o*b - 5*b. Suppose 3*m + m - 220 = b. List the prime factors of m.
5, 11
Let r(s) = -19*s**2 + 10*s + 2. Let u be r(-4). Let i = -156 - u. What are the prime factors of i?
2, 3, 31
Suppose 0 = 2*o - 0*z - 4*z + 62, 53 = -2*o + z. Let r be (-158)/(-3) + (-10)/(-30). Let d = o + r. What are the prime factors of d?
2, 7
Suppose 44*y + 1496 = 46*y. What are the prime factors of y?
2, 11, 17
Let h(u) = 79*u - 196. List the prime factors of h(11).
673
Let y = 3101 + -296. List the prime factors of y.
3, 5, 11, 17
Suppose -3*v = 4*i + 46 + 60, -5*v - 2*i = 186. List the prime factors of -1163*2/(-18) + v/171.
3, 43
Suppose 4*c = 3*f - 1119, -2*c - 764 = 4*f - 2256. List the prime factors of f.
373
Let c = -98 - -114. List the prime factors of (c - -256) + 2/(-1).
2, 3, 5
Suppose 0 = 16*c - 19*c + 12. Let l(r) = r**3 - r**2 + 5*r - 6. List the prime factors of l(c).
2, 31
What are the prime factors of (-7)/(-1 - -8*14/116)?
7, 29
Suppose -5*h + 20 = 0, n + 2*h - 9 = h. Suppose n*o + 3 = -4*c, 0*o = -4*c - o + 9. Suppose -c*l = -4*r - 200, -l - r + 55 = -0*r. List the prime factors of l.
2, 3, 5
Let f be 664/32 + (-2)/(-8). Suppose 0 = 9*i + f - 597. What are the prime factors of i?
2
Suppose x + 5*h = -20, x + 3*x = -3*h + 5. Suppose -4*d = n + 2*n - 61, d + x*n = 11. Let j = d - -6. List the prime factors of j.
2, 11
Let j(m) = m**3 - 11*m**2 + 12*m - 25. Let d be j(10). What are the prime factors of (d - -8)*(-69)/(-9)?
23
Suppose 7*j - 2*j = 2*a + 16, -8 = -3*j + 2*a. Let m = j + 9. What are the prime factors of m?
13
Let s(t) = 16*t**3 + 5*t**2 + 18*t - 126. List the prime factors of s(5).
2089
List the prime factors of (25 - -700)*(-1 - -3).
2, 5, 29
Suppose -3*n = 3*m - 36, 48 = 6*n - 2*n + 2*m. What are the prime factors of 2068/8 - n/8?
257
Suppose 2*j + j + 1426 = 4*f, 2*f - j - 712 = 0. What are the prime factors of f?
5, 71
Let p(x) = -x + 2. Let q be p(6). Let z(s) be the first derivative of -9*s**2/2 - 5*s + 13. What are the prime factors of z(q)?
31
Let y(k) = 4*k**2 + k - 3. Suppose 5*g - 2*j - 4 = 0, -3*j - 6 = -0*j. Suppose -3*v - 9 = g, i = -i - 2*v. What are the prime factors of y(i)?
2, 3
Let x(a) = a**2 - 14*a - 5. List the prime factors of x(15).
2, 5
Suppose 0 = 2*i + 4*m - 26, -5*i + 2*i = -2*m - 7. Let o = 31 - i. Let p = o - 3. What are the prime factors of p?
23
Let t(z) = 137*z**2 - 13*z + 31. List the prime factors of t(2).
7, 79
Let t(b) = 3*b**2 +